 by 4?
2
Let s(y) = -y + 5. Suppose 0 = -5*v - 2*l + 25, v + 28 - 11 = 4*l. Calculate the remainder when s(v) is divided by 1.
0
Suppose -m - 2 = y - 3*m, -5*m + 20 = 5*y. Suppose y*k = -0*k + 10. Let n = k + 47. Calculate the remainder when n is divided by 18.
16
Let y = 13 - 6. Suppose v - y = -1. Let g(c) = 4*c. Calculate the remainder when g(v) is divided by 13.
11
Suppose -9 = 2*v - 5*v. Suppose v*t = r - 36, t + 3*t = -4. Calculate the remainder when r is divided by 9.
6
Let z = 1 + -3. Let v = 7 + z. Suppose -53 = -4*b - v*l, 3*b - 46 = -0*b - 5*l. What is the remainder when 13 is divided by b?
6
Let c = 25 - 8. What is the remainder when c is divided by (-3)/9 - (-32)/6?
2
Let p be (2/(-3))/((-1)/3). Suppose -p*t = -0*t + 76. Let b = -13 - t. What is the remainder when b is divided by 13?
12
Let w(f) = 6*f + 3. Suppose 5*h - 3 - 7 = 0. Calculate the remainder when -1 + 1 - -42 - -1 is divided by w(h).
13
Suppose 0 = 3*j - 62 - 145. What is the remainder when j is divided by 19?
12
Suppose 0 = 5*q + 300 + 60. What is the remainder when 11 is divided by (4/(-3))/(16/q)?
5
Let p(a) = -7 + 2 + 1 - 8*a - 4 - a**2. Calculate the remainder when p(-6) is divided by 2.
0
Suppose 2*b + 23 = 3*b. Let s = 1 - -2. Suppose -76 = -u + 3*a, 0*a = -3*u - s*a + 192. Calculate the remainder when u is divided by b.
21
Let n(v) = 2*v + 7*v**2 + 2 - 3 - 2. What is the remainder when n(2) is divided by 15?
14
Let v = 28 + 26. What is the remainder when v is divided by 14?
12
Let q(d) = -d**3 + 9*d**2 - 7*d - 8. Let s be q(8). Suppose 57 = 5*r - 3*x, 5*r + x - 41 = -s*x. What is the remainder when 25 is divided by r?
7
Suppose 5*s = -3*o + 79, -9*o + 11*o - 5*s - 36 = 0. What is the remainder when o is divided by 3?
2
Let r = -148 - -303. Suppose 0 = 2*t - 7*t + r. Calculate the remainder when 61 is divided by t.
30
Suppose 0 = h + 5*p + 7, 2*p - 7 = 5*h - 26. Suppose 0 = -t + 2 - 0. Calculate the remainder when h is divided by t.
1
Suppose 94 = 5*b + 4*v, -3*v = -2*v + 4. Calculate the remainder when b is divided by 24/(-20)*(-1 - 4).
4
Calculate the remainder when 72 is divided by (-8)/(-8) + 0 + 14.
12
Let y(g) = -g**2 + 2*g - 1. Let j be y(1). Suppose 3*h + j*h = 0. Suppose 12 = -x - 3*w, 2*x - 3*w + h*w = 21. What is the remainder when 6 is divided by x?
0
Let t be 0/((0 + -3)/3). Suppose t = 2*p - 4. Suppose -p = -j + 5. Calculate the remainder when j is divided by 4.
3
Suppose 7*g - 2*g = 30. Calculate the remainder when (3/(-3))/(3/(-21)) is divided by g/(-5)*10/(-4).
1
Suppose -8 + 4 = -b. Suppose -4 - 4 = -4*i. Suppose 5*r - i*c = c + 32, b*c = -3*r + 25. Calculate the remainder when r is divided by 3.
1
Let r(u) = -u**2 + 8*u + 3. Let q be r(8). Suppose q*i = 14 + 46. Calculate the remainder when i is divided by 7.
6
Suppose 6*t + 42 - 192 = 0. What is the remainder when 47 is divided by t?
22
What is the remainder when 30 is divided by (-11)/((-12)/3 + 3)?
8
Let i = 55 - 37. Let n = -4 + -9. Let v = i + n. What is the remainder when v is divided by 2?
1
Let q be 18/((-2)/4*-3). Let x = -7 - -21. What is the remainder when x is divided by 2/q*3*16?
6
Let y(n) = -2*n - 7 + 7. Let b be y(-1). Suppose 0 = b*q - 2*h + h - 31, -3*h - 23 = -q. Calculate the remainder when q is divided by 5.
4
Suppose -6*y - 16 = -y - 4*t, -t = -2*y - 4. Let b = 3 - y. Suppose -30 = -3*w - 2*i + 5*i, 30 = b*w + 2*i. What is the remainder when 29 is divided by w?
9
Let s be (0 + 0)*(-4)/4. Suppose 0 = 5*h - 4*f - 60, -4*h - f + 27 = -s*h. What is the remainder when 14 is divided by h?
6
Suppose -3*v = r - 3*r + 115, 0 = v + 3. Calculate the remainder when r is divided by 14.
11
Let k(m) = -2*m + 10. What is the remainder when 39 is divided by k(-5)?
19
Let q(h) = -h**3 - 9*h**2 + 9*h + 4. Let k be 0 + 2 + 12/(-1). Calculate the remainder when q(k) is divided by 8.
6
Let x(s) = -7*s**2 - 7*s - 2. Let k(q) = 13*q**2 + 13*q + 3. Let m(n) = 6*k(n) + 11*x(n). What is the remainder when 61 is divided by m(4)?
13
Let p = 126 - 99. What is the remainder when 133 is divided by p?
25
Suppose -4*r = -7*r + 3, -v = r - 12. Calculate the remainder when 42 is divided by v.
9
Suppose -3*x = 5*n + x - 6, -7 = -n + 5*x. What is the remainder when 19 is divided by (1 + 13)/n - 0?
5
Let f(z) = 8*z**2 - 2*z + 1. Let i be f(1). Let k be 0/(-2 + 1 + 2). Suppose k = -s + 26 - i. What is the remainder when 56 is divided by s?
18
Let v(g) be the second derivative of 3*g**3/2 - g**2 + 5*g. What is the remainder when 74 is divided by v(3)?
24
Let d(y) = -9*y**3 - 2*y**2 - y. What is the remainder when d(-1) is divided by 3?
2
Let y = 218 + -111. Suppose -2*g + 5*q + 25 = -y, -4*g + 264 = 4*q. Calculate the remainder when g is divided by 17.
15
Let g = -43 + 52. Calculate the remainder when 44 is divided by g.
8
Suppose 2*w = 10, 5*k = -w + 5 + 35. Calculate the remainder when 27 is divided by k.
6
Calculate the remainder when (-7)/((-21)/153) + -4 is divided by 1/(-4) + 49/4.
11
Let a(u) = u**3 + 2*u**2 - 4*u - 9. What is the remainder when 92 is divided by a(3)?
20
Suppose 159 + 13 = 4*u. Calculate the remainder when u is divided by 22.
21
Let n(j) = -j**3 - j + 6. Calculate the remainder when 23 is divided by n(0).
5
Let g(k) = -k - 2. Let a be g(-9). What is the remainder when 13 is divided by a - ((-1 - -2) + -2)?
5
Let q(b) = 3*b - 21. Calculate the remainder when 94 is divided by q(15).
22
Let b = -8 - -7. Calculate the remainder when 45 is divided by 146/6 + b/3.
21
Suppose 59 + 41 = 4*q. Calculate the remainder when 97 is divided by q.
22
Suppose -28 = -o + 21. Let i(y) = -47*y + 1. Let r be i(-1). Suppose -37 = -5*g + r. What is the remainder when o is divided by g?
15
Let j(o) = -2*o**3 + 3*o**2 + o + 4. Calculate the remainder when j(-3) is divided by 21.
19
Suppose -3*h + 28 = 2*f - 10, -4*f + h = -62. Calculate the remainder when 95 is divided by f.
15
Calculate the remainder when 50 is divided by (9/(-27))/((-2)/78).
11
Suppose 2 - 5 = -t. Suppose -f - t*f = -56. Calculate the remainder when 41 is divided by f.
13
Let l(v) = 3*v - 6. Let m(s) be the third derivative of -11*s**4/24 + s**3/3 - 9*s**2. What is the remainder when m(-4) is divided by l(6)?
10
Suppose 3*s + i - 96 = 5*i, -4*s + 128 = -4*i. Calculate the remainder when s is divided by 11.
10
Let h = -10 + 15. Suppose h*o - 10 + 50 = k, k + 4*o = -5. Calculate the remainder when -1*2 + (1 - -45) is divided by k.
14
Suppose -f + 0*f = -14. Suppose f = c + c. Calculate the remainder when c is divided by 3.
1
Let p = 6 + 5. Suppose 0 = -3*a + t + 4 + 10, 0 = -4*a - t + 7. Calculate the remainder when p is divided by a.
2
Suppose -c - 33 = -2*o - o, 0 = 4*o + 3*c - 44. Calculate the remainder when 32 is divided by o.
10
Let f(w) = -w**3 - w + 1. Let j be f(1). Let o = j + 17. What is the remainder when o is divided by 6?
4
Suppose k + 16 = 3*k. What is the remainder when 20 is divided by k?
4
What is the remainder when 63 is divided by 1/(3*(-3)/(-198))?
19
Let h(j) = j**2 + 4*j - 2. Let c = 4 - 9. Calculate the remainder when h(c) is divided by (2/(-4))/((-2)/8).
1
Suppose 2*a - 21 = -a. Calculate the remainder when 55 is divided by a.
6
Let o = -57 + 94. Calculate the remainder when o is divided by 13.
11
Let r(m) = m**2 - m + 5. Suppose o - 3*o - 10 = 0. What is the remainder when r(o) is divided by 18?
17
Let t(l) = -l**3 - l**2 + l + 4. Let f(y) = y**3 + 7*y**2 + 5*y + 4. Let r be f(-6). Let d = -3 + r. Calculate the remainder when t(-3) is divided by d.
5
Let g be (-1 - 3 - 0)/1. Let u(a) be the second derivative of a**4/12 + a**3/3 + 5*a**2/2 - a. What is the remainder when u(g) is divided by 5?
3
Suppose 4*o + 2*d - 20 = 0, d = -o - 2*d + 15. Let k = -60 - -68. Calculate the remainder when k is divided by o.
2
Let y = -69 + 35. Let h = y - -53. What is the remainder when 36 is divided by h?
17
Let c(a) = 3 - 5 - 48*a + 1. Suppose -4*j + 8*j - 64 = 0. Calculate the remainder when c(-1) is divided by j.
15
Suppose 2*w - 21 = -1. Calculate the remainder when w is divided by 4.
2
Suppose -4*o - 7*o + 209 = 0. What is the remainder when o is divided by 9?
1
Let j(x) be the second derivative of -x**4/12 + 5*x**3/3 - 5*x**2 + 5*x. Calculate the remainder when j(8) is divided by -1*(-10)/2 - 1.
2
Let g = 61 + -28. Calculate t